{"id":128,"date":"2020-02-17T12:38:01","date_gmt":"2020-02-17T11:38:01","guid":{"rendered":"http:\/\/premiomorlotti.it\/?page_id=128"},"modified":"2020-03-05T16:06:00","modified_gmt":"2020-03-05T15:06:00","slug":"nicola-samori-6aedizione","status":"publish","type":"page","link":"https:\/\/www.premiomorlotti.it\/?page_id=128","title":{"rendered":"Nicola Samor\u00ec &#8211; 6\u00aaEdizione"},"content":{"rendered":"\n<div class=\"wp-block-image\"><figure class=\"alignleft size-large is-resized\"><img loading=\"lazy\" decoding=\"async\" src=\"https:\/\/www.premiomorlotti.it\/wp-content\/uploads\/2020\/02\/Nicola-Sartor\u00ec-Lappartenenza-a-s\u00e8-Olio-su-rame-80x60cm-2000-1.png\" alt=\"\" class=\"wp-image-227\" width=\"235\" height=\"314\" srcset=\"https:\/\/www.premiomorlotti.it\/wp-content\/uploads\/2020\/02\/Nicola-Sartor\u00ec-Lappartenenza-a-s\u00e8-Olio-su-rame-80x60cm-2000-1.png 500w, https:\/\/www.premiomorlotti.it\/wp-content\/uploads\/2020\/02\/Nicola-Sartor\u00ec-Lappartenenza-a-s\u00e8-Olio-su-rame-80x60cm-2000-1-225x300.png 225w\" sizes=\"auto, (max-width: 235px) 100vw, 235px\" \/><\/figure><\/div>\n\n\n\n<p>Nicola Samor\u00ec ha partecipato all\u2019edizione 2001 del Premio Morlotti con l\u2019opera <strong><em>L\u2019appartenenza a s\u00e9<\/em><\/strong> (dinamismo gitano, olio su rame, cm 80 x 60).<\/p>\n\n\n\n<p>Nato a Forl\u00ec nel 1977, vive a\nBagnacavallo (Ravenna). <\/p>\n\n\n\n<p>Centro\ndell\u2019opera \u00e8 il corpo, con il quale l\u2019artista dialoga con la realt\u00e0. Il\ndiaframma esile e potente \u00e8 protagonista della mediazione tra il mondo e la\npercezione di noi stessi.<\/p>\n\n\n\n<p>Sede\ndell\u2019essere, il corpo si dinamizza nel divenire, inteso come autocomprensione,\nnel tempo, dell\u2019essere stesso. <\/p>\n\n\n\n<p>La\npittura virtuosa di Samor\u00ec concentra sul corpo l\u2019indagine artistica,\nesprimendolo come vortice di vitale energia.<\/p>\n\n\n\n<p>Samor\u00ec \u00e8 un punto di riferimento per molti artisti, vista la capacit\u00e0 di riportare la tecnica pittorica al centro dell\u2019attenzione. Per quanto viva a Bagnacavallo, Samor\u00ec \u00e8 considerato un artista berlinese, visto che ha operato per qualche mese nella capitale tedesca,  nel 2011. La citt\u00e0 infatti \u00e8 terreno fertile per la <strong>proliferazione barocca<\/strong> in virt\u00f9 della sua storia e della sua tradizione artistica, sostanzialmente diversa da quella italiana. <\/p>\n\n\n\n<p>Samor\u00ec ha\ndato coraggio, con il suo immaginario, ad\naltri colleghi che cercavano una direzione, mettendo il punto esclamativo a una\ncarriera che lo ha visto protagonista di numerose rassegne e mostre in Italia e\nall\u2019estero.<\/p>\n","protected":false},"excerpt":{"rendered":"<p>Nicola Samor\u00ec ha partecipato all\u2019edizione 2001 del Premio Morlotti con l\u2019opera L\u2019appartenenza a s\u00e9 (dinamismo gitano, olio su rame, cm 80 x 60). Nato a Forl\u00ec nel 1977, vive a Bagnacavallo (Ravenna). Centro dell\u2019opera \u00e8 il corpo, con il quale<\/p>\n","protected":false},"author":1,"featured_media":0,"parent":0,"menu_order":0,"comment_status":"closed","ping_status":"closed","template":"","meta":{"_uag_custom_page_level_css":"","footnotes":""},"class_list":["post-128","page","type-page","status-publish","hentry"],"uagb_featured_image_src":{"full":false,"thumbnail":false,"medium":false,"medium_large":false,"large":false,"1536x1536":false,"2048x2048":false,"featured-blog-large":false,"featured-blog-medium":false,"featured":false,"featured-blog-medium-small":false},"uagb_author_info":{"display_name":"amministratore","author_link":"https:\/\/www.premiomorlotti.it\/?author=1"},"uagb_comment_info":0,"uagb_excerpt":"Nicola Samor\u00ec ha partecipato all\u2019edizione 2001 del Premio Morlotti con l\u2019opera L\u2019appartenenza a s\u00e9 (dinamismo gitano, olio su rame, cm 80 x 60). Nato a Forl\u00ec nel 1977, vive a Bagnacavallo (Ravenna). Centro dell\u2019opera \u00e8 il corpo, con il quale","_links":{"self":[{"href":"https:\/\/www.premiomorlotti.it\/index.php?rest_route=\/wp\/v2\/pages\/128","targetHints":{"allow":["GET"]}}],"collection":[{"href":"https:\/\/www.premiomorlotti.it\/index.php?rest_route=\/wp\/v2\/pages"}],"about":[{"href":"https:\/\/www.premiomorlotti.it\/index.php?rest_route=\/wp\/v2\/types\/page"}],"author":[{"embeddable":true,"href":"https:\/\/www.premiomorlotti.it\/index.php?rest_route=\/wp\/v2\/users\/1"}],"replies":[{"embeddable":true,"href":"https:\/\/www.premiomorlotti.it\/index.php?rest_route=%2Fwp%2Fv2%2Fcomments&post=128"}],"version-history":[{"count":3,"href":"https:\/\/www.premiomorlotti.it\/index.php?rest_route=\/wp\/v2\/pages\/128\/revisions"}],"predecessor-version":[{"id":367,"href":"https:\/\/www.premiomorlotti.it\/index.php?rest_route=\/wp\/v2\/pages\/128\/revisions\/367"}],"wp:attachment":[{"href":"https:\/\/www.premiomorlotti.it\/index.php?rest_route=%2Fwp%2Fv2%2Fmedia&parent=128"}],"curies":[{"name":"wp","href":"https:\/\/api.w.org\/{rel}","templated":true}]}}