{"id":130,"date":"2020-02-17T12:38:40","date_gmt":"2020-02-17T11:38:40","guid":{"rendered":"http:\/\/premiomorlotti.it\/?page_id=130"},"modified":"2020-03-05T16:01:14","modified_gmt":"2020-03-05T15:01:14","slug":"velasco-vitali-2-classificato-alla-2a-edizione","status":"publish","type":"page","link":"https:\/\/www.premiomorlotti.it\/?page_id=130","title":{"rendered":"Velasco Vitali &#8211; 2\u00b0 classificato alla 2\u00aa Edizione"},"content":{"rendered":"\n<div class=\"wp-block-image\"><figure class=\"alignleft size-large is-resized\"><img loading=\"lazy\" decoding=\"async\" src=\"https:\/\/www.premiomorlotti.it\/wp-content\/uploads\/2020\/02\/Velasco-Vitali-Ciclista-acrilico-su-carta-49x49cm-1994-1.jpg\" alt=\"\" class=\"wp-image-229\" width=\"357\" height=\"305\" srcset=\"https:\/\/www.premiomorlotti.it\/wp-content\/uploads\/2020\/02\/Velasco-Vitali-Ciclista-acrilico-su-carta-49x49cm-1994-1.jpg 500w, https:\/\/www.premiomorlotti.it\/wp-content\/uploads\/2020\/02\/Velasco-Vitali-Ciclista-acrilico-su-carta-49x49cm-1994-1-300x256.jpg 300w\" sizes=\"auto, (max-width: 357px) 100vw, 357px\" \/><\/figure><\/div>\n\n\n\n<p>Velasco Vitali si \u00e8 aggiudicato la seconda posizione dell\u2019omonima edizione del Premio Morlotti nel 1997 per l\u2019opera <strong><em>Ciclista <\/em><\/strong>(1994, acrilico su carta cm 49 x 59).<\/p>\n\n\n\n<p>L\u2019opera consta di un ciclista piegato su se stesso e compreso in uno sforzo supremo verso la meta. E\u2019solo. Bastano poche e vigorose pennellate a esaltare la plasticit\u00e0 del movimento come a sublimare la sua tensione interiore, nonch\u00e9 la grinta e lo slancio con cui <em>aggredisce <\/em>la strada. Il viaggio del corridore \u00e8 anomalo, essendo solo. <\/p>\n\n\n\n<p>Chino a testa\nbassa, le mani incollate sui manubri, \u00e8 rapito da una fatica che gli toglie la\npercezione del normale fluire del tempo e del mondo, al quale concede poche\nocchiate sfuggenti. Il mondo \u00e8 uno sfondo indistinto a metaforizzare l\u2019intima\nstoria personale che ogni tre per due incontra la sofferenza che l\u2019esistenza\nspessa presenta.<\/p>\n\n\n\n<p>Velasco Vitali\n\u00e8 nato a Bellano (CO) nel 1960. <\/p>\n\n\n\n<p>Figlio d\u2019arte,\napprende gi\u00e0 bambino i rudimenti pittorici, autodidatta. <\/p>\n\n\n\n<p>La prima mostra\na cui partecipa, Artisti e scrittori, \u00e8 su invito di Giovanni Testori.<\/p>\n\n\n\n<p>Fin dagli\nesordi, che lo vedono attenzionato da critici quali Vittorio Sgarbi, il suo\npercorso \u00e8 caratterizzato da una mistura che \u00e8 sintesi di realismo netto e capacit\u00e0\ndi visione onirica dei paesaggi naturali e urbani.<\/p>\n\n\n\n<p>Nei decenni\nseguenti parteciper\u00e0 a svariate mostre alle quali presenzier\u00e0 anche come\nscultore.<\/p>\n","protected":false},"excerpt":{"rendered":"<p>Velasco Vitali si \u00e8 aggiudicato la seconda posizione dell\u2019omonima edizione del Premio Morlotti nel 1997 per l\u2019opera Ciclista (1994, acrilico su carta cm 49 x 59). L\u2019opera consta di un ciclista piegato su se stesso e compreso in uno sforzo<\/p>\n","protected":false},"author":1,"featured_media":0,"parent":0,"menu_order":0,"comment_status":"closed","ping_status":"closed","template":"","meta":{"_uag_custom_page_level_css":"","footnotes":""},"class_list":["post-130","page","type-page","status-publish","hentry"],"uagb_featured_image_src":{"full":false,"thumbnail":false,"medium":false,"medium_large":false,"large":false,"1536x1536":false,"2048x2048":false,"featured-blog-large":false,"featured-blog-medium":false,"featured":false,"featured-blog-medium-small":false},"uagb_author_info":{"display_name":"amministratore","author_link":"https:\/\/www.premiomorlotti.it\/?author=1"},"uagb_comment_info":0,"uagb_excerpt":"Velasco Vitali si \u00e8 aggiudicato la seconda posizione dell\u2019omonima edizione del Premio Morlotti nel 1997 per l\u2019opera Ciclista (1994, acrilico su carta cm 49 x 59). L\u2019opera consta di un ciclista piegato su se stesso e compreso in uno sforzo","_links":{"self":[{"href":"https:\/\/www.premiomorlotti.it\/index.php?rest_route=\/wp\/v2\/pages\/130","targetHints":{"allow":["GET"]}}],"collection":[{"href":"https:\/\/www.premiomorlotti.it\/index.php?rest_route=\/wp\/v2\/pages"}],"about":[{"href":"https:\/\/www.premiomorlotti.it\/index.php?rest_route=\/wp\/v2\/types\/page"}],"author":[{"embeddable":true,"href":"https:\/\/www.premiomorlotti.it\/index.php?rest_route=\/wp\/v2\/users\/1"}],"replies":[{"embeddable":true,"href":"https:\/\/www.premiomorlotti.it\/index.php?rest_route=%2Fwp%2Fv2%2Fcomments&post=130"}],"version-history":[{"count":3,"href":"https:\/\/www.premiomorlotti.it\/index.php?rest_route=\/wp\/v2\/pages\/130\/revisions"}],"predecessor-version":[{"id":368,"href":"https:\/\/www.premiomorlotti.it\/index.php?rest_route=\/wp\/v2\/pages\/130\/revisions\/368"}],"wp:attachment":[{"href":"https:\/\/www.premiomorlotti.it\/index.php?rest_route=%2Fwp%2Fv2%2Fmedia&parent=130"}],"curies":[{"name":"wp","href":"https:\/\/api.w.org\/{rel}","templated":true}]}}