{"id":133,"date":"2020-02-17T12:39:12","date_gmt":"2020-02-17T11:39:12","guid":{"rendered":"http:\/\/premiomorlotti.it\/?page_id=133"},"modified":"2020-02-25T12:33:18","modified_gmt":"2020-02-25T11:33:18","slug":"zhang-qiao-15-aedizione","status":"publish","type":"page","link":"https:\/\/www.premiomorlotti.it\/?page_id=133","title":{"rendered":"Zhang Qiao- 15 \u00aaEdizione"},"content":{"rendered":"\n<div class=\"wp-block-image\"><figure class=\"alignleft size-large is-resized\"><img loading=\"lazy\" decoding=\"async\" src=\"https:\/\/www.premiomorlotti.it\/wp-content\/uploads\/2020\/02\/Zhang-Qiao-Ritratto-2016-Olio-su-tela-145x90-cm-1.jpg\" alt=\"\" class=\"wp-image-231\" width=\"201\" height=\"331\" srcset=\"https:\/\/www.premiomorlotti.it\/wp-content\/uploads\/2020\/02\/Zhang-Qiao-Ritratto-2016-Olio-su-tela-145x90-cm-1.jpg 500w, https:\/\/www.premiomorlotti.it\/wp-content\/uploads\/2020\/02\/Zhang-Qiao-Ritratto-2016-Olio-su-tela-145x90-cm-1-182x300.jpg 182w\" sizes=\"auto, (max-width: 201px) 100vw, 201px\" \/><\/figure><\/div>\n\n\n\n<p>Il\nPremio Morlotti nel 2016 \u00e8 stato assegnato a Zhang Qiao per l\u2019opera <strong><em>L\u2019uomo\ninvisibile\u201d<\/em><\/strong> (olio su tela cm 145 x 90).<\/p>\n\n\n\n<p>L\u2019opera espone\nun iperrealismo -di stampo californiano &#8211; che disegna corpi fotografici che emergono\nevidenti dalla tela con una valenza fantasmatica: in cima al corpo c\u2019\u00e8 un volto\nmisterioso sostituito da una pittura rosa. Il risultante \u00e8 spiazzante: la\nrealt\u00e0 si scontra con un sintetico innesto, detto altrimenti una cancellatura\ndell\u2019identit\u00e0, per dirla con Emilio Isgr\u00f2. Il riconoscimento della persona \u00e8\nimpossibile, l\u2019individualit\u00e0 sembra essere annullata.<\/p>\n\n\n\n<p>Siamo di\nfronte ad una identit\u00e0 sconosciuta che sembra sfuggire allo stesso\nprotagonista. Il soggetto invisibile di Zhang Qiao scompare travolto dalle\nrealt\u00e0 sociale, politiche dalla lotta per i diritti, dal livellamento della\ncultura di massa. Una condanna al livellamento cui \u00e8 condannato il <em>singolo <\/em>a causa della globalizzazione\nritratta in un uomo (o donna?) che si fa specchio di un disagio universale.<\/p>\n\n\n\n<p>Nella forma\nprecisa ritagliata della figura e degli abiti si pu\u00f2 parlare di una forma di\nnascondimento o sbarramento e non di mascheramento, Non solo travestimento fine\na s\u00e9 stesso: lo spettatore \u00e8 chiamato a penetrare l\u2019identit\u00e0 anonima, a\nscoprire nell\u2019intimo cosa nasconde quel volto.<\/p>\n\n\n\n<p>Zhang Qiao\nnasce nel 1990 a Wuhan, conseguendo la laurea in Belle Arti a HuBei nel 2012. Successivamente va ad abitare e a studiare a\nPechino. Attualmente \u00e8 iscritta al Biennio Specialistico in Brera.<\/p>\n","protected":false},"excerpt":{"rendered":"<p>Il Premio Morlotti nel 2016 \u00e8 stato assegnato a Zhang Qiao per l\u2019opera L\u2019uomo invisibile\u201d (olio su tela cm 145 x 90). L\u2019opera espone un iperrealismo -di stampo californiano &#8211; che disegna corpi fotografici che emergono evidenti dalla tela con<\/p>\n","protected":false},"author":1,"featured_media":0,"parent":0,"menu_order":0,"comment_status":"closed","ping_status":"closed","template":"","meta":{"_uag_custom_page_level_css":"","footnotes":""},"class_list":["post-133","page","type-page","status-publish","hentry"],"uagb_featured_image_src":{"full":false,"thumbnail":false,"medium":false,"medium_large":false,"large":false,"1536x1536":false,"2048x2048":false,"featured-blog-large":false,"featured-blog-medium":false,"featured":false,"featured-blog-medium-small":false},"uagb_author_info":{"display_name":"amministratore","author_link":"https:\/\/www.premiomorlotti.it\/?author=1"},"uagb_comment_info":0,"uagb_excerpt":"Il Premio Morlotti nel 2016 \u00e8 stato assegnato a Zhang Qiao per l\u2019opera L\u2019uomo invisibile\u201d (olio su tela cm 145 x 90). L\u2019opera espone un iperrealismo -di stampo californiano &#8211; che disegna corpi fotografici che emergono evidenti dalla tela con","_links":{"self":[{"href":"https:\/\/www.premiomorlotti.it\/index.php?rest_route=\/wp\/v2\/pages\/133","targetHints":{"allow":["GET"]}}],"collection":[{"href":"https:\/\/www.premiomorlotti.it\/index.php?rest_route=\/wp\/v2\/pages"}],"about":[{"href":"https:\/\/www.premiomorlotti.it\/index.php?rest_route=\/wp\/v2\/types\/page"}],"author":[{"embeddable":true,"href":"https:\/\/www.premiomorlotti.it\/index.php?rest_route=\/wp\/v2\/users\/1"}],"replies":[{"embeddable":true,"href":"https:\/\/www.premiomorlotti.it\/index.php?rest_route=%2Fwp%2Fv2%2Fcomments&post=133"}],"version-history":[{"count":2,"href":"https:\/\/www.premiomorlotti.it\/index.php?rest_route=\/wp\/v2\/pages\/133\/revisions"}],"predecessor-version":[{"id":232,"href":"https:\/\/www.premiomorlotti.it\/index.php?rest_route=\/wp\/v2\/pages\/133\/revisions\/232"}],"wp:attachment":[{"href":"https:\/\/www.premiomorlotti.it\/index.php?rest_route=%2Fwp%2Fv2%2Fmedia&parent=133"}],"curies":[{"name":"wp","href":"https:\/\/api.w.org\/{rel}","templated":true}]}}