{"id":677,"date":"2020-04-06T11:50:59","date_gmt":"2020-04-06T09:50:59","guid":{"rendered":"http:\/\/www.premiomorlotti.it\/?page_id=677"},"modified":"2020-04-06T13:04:10","modified_gmt":"2020-04-06T11:04:10","slug":"simona-bartolena","status":"publish","type":"page","link":"https:\/\/www.premiomorlotti.it\/?page_id=677","title":{"rendered":"Simona Bartolena"},"content":{"rendered":"\n<h2 class=\"has-text-align-center wp-block-heading\">Simona Bartolena<\/h2>\n\n\n\n<p>Simona Bartolena \u00e8 storica e critica d\u2019arte. Ha pubblicato numerosi testi di storia dell\u2019arte per le pi\u00f9 prestigiose case editrici italiane e straniere e curato importanti esposizioni in spazi pubblici e privati dedicate in particolar modo alla scena artistica dell\u2019Ottocento e del Novecento. Collabora attivamente con musei, associazioni culturali, archivi, gallerie e societ\u00e0 del settore. Lavora come critico con molti artisti contemporanei, sia gi\u00e0 affermati che emergenti. Dal 1995 si occupa di divulgazione e dal 2011 \u00e8 presidente e direttore scientifico per il settore arti visive di heart \u2013 pulsazioni culturali.<\/p>\n","protected":false},"excerpt":{"rendered":"<p>Simona Bartolena Simona Bartolena \u00e8 storica e critica d\u2019arte. Ha pubblicato numerosi testi di storia dell\u2019arte per le pi\u00f9 prestigiose case editrici italiane e straniere e curato importanti esposizioni in spazi pubblici e privati dedicate in particolar modo alla scena<\/p>\n","protected":false},"author":1,"featured_media":0,"parent":0,"menu_order":0,"comment_status":"closed","ping_status":"closed","template":"","meta":{"_uag_custom_page_level_css":"","footnotes":""},"class_list":["post-677","page","type-page","status-publish","hentry"],"uagb_featured_image_src":{"full":false,"thumbnail":false,"medium":false,"medium_large":false,"large":false,"1536x1536":false,"2048x2048":false,"featured-blog-large":false,"featured-blog-medium":false,"featured":false,"featured-blog-medium-small":false},"uagb_author_info":{"display_name":"amministratore","author_link":"https:\/\/www.premiomorlotti.it\/?author=1"},"uagb_comment_info":0,"uagb_excerpt":"Simona Bartolena Simona Bartolena \u00e8 storica e critica d\u2019arte. Ha pubblicato numerosi testi di storia dell\u2019arte per le pi\u00f9 prestigiose case editrici italiane e straniere e curato importanti esposizioni in spazi pubblici e privati dedicate in particolar modo alla scena","_links":{"self":[{"href":"https:\/\/www.premiomorlotti.it\/index.php?rest_route=\/wp\/v2\/pages\/677","targetHints":{"allow":["GET"]}}],"collection":[{"href":"https:\/\/www.premiomorlotti.it\/index.php?rest_route=\/wp\/v2\/pages"}],"about":[{"href":"https:\/\/www.premiomorlotti.it\/index.php?rest_route=\/wp\/v2\/types\/page"}],"author":[{"embeddable":true,"href":"https:\/\/www.premiomorlotti.it\/index.php?rest_route=\/wp\/v2\/users\/1"}],"replies":[{"embeddable":true,"href":"https:\/\/www.premiomorlotti.it\/index.php?rest_route=%2Fwp%2Fv2%2Fcomments&post=677"}],"version-history":[{"count":2,"href":"https:\/\/www.premiomorlotti.it\/index.php?rest_route=\/wp\/v2\/pages\/677\/revisions"}],"predecessor-version":[{"id":716,"href":"https:\/\/www.premiomorlotti.it\/index.php?rest_route=\/wp\/v2\/pages\/677\/revisions\/716"}],"wp:attachment":[{"href":"https:\/\/www.premiomorlotti.it\/index.php?rest_route=%2Fwp%2Fv2%2Fmedia&parent=677"}],"curies":[{"name":"wp","href":"https:\/\/api.w.org\/{rel}","templated":true}]}}